Suppose 0 = 5*j - 89 - 211. Suppose -3*l + j = 5*r, -31 = -r - 2*l - 12. Let g be 2/9 + 52/r. Calculate the greatest common divisor of g and 66.
6
Let x(y) = 9 + 8*y**2 - y**3 + 3*y**2 - 2*y**2. Let p be x(9). What is the highest common divisor of 6 and p?
3
Let v be (-7)/28 - (2 - (-26)/(-8)). Let d = v + 41. Calculate the greatest common factor of d and 14.
14
Let s(h) = 2*h**3 + h**2 - 3. Let y be s(2). Suppose 2*x = 5*v + 8 + 37, 0 = x + 3*v - y. Calculate the greatest common factor of 200 and x.
20
Let b(o) = 22*o**2 - 1. Let w = -61 - -41. Let p = 21 + w. Let j be b(p). What is the greatest common factor of j and 7?
7
Suppose -5*l + 3 = -77. Let q = -14 + l. Let v(k) = 6*k**2 - 2*k - 2. Let a be v(q). Calculate the greatest common divisor of a and 144.
18
Let h be (4/(-10))/((-2)/20). Let w = 86 - 69. Let c = 19 + w. Calculate the greatest common factor of h and c.
4
Let t(f) = -f**2 + 9*f + 18. Suppose -18 = -i - i. Let w be t(i). Suppose l = 14 + w. What is the greatest common divisor of l and 352?
32
Let k = -25 + 17. Suppose -2*b - 42 = 5*t + 4, 52 = -5*t + b. Let m be t/k*28/7. What is the greatest common factor of 35 and m?
5
Let i be (-4)/2*(-5 + -18). Suppose -115 = x - 6*x. Calculate the greatest common factor of i and x.
23
Let a(x) = -5*x - 52. Let u be a(-11). Let i(r) = 4*r**2 - 4. Let y be i(2). Calculate the greatest common factor of u and y.
3
Let m = -867 + 905. What is the greatest common divisor of m and 4?
2
Suppose -13*o + o = 60. Let a(y) = 6*y + 5*y**2 + 5 - 5*y**2 + 6 + 4*y**2. Let l be a(o). What is the greatest common divisor of 9 and l?
9
Let b(a) = 9*a - 5*a - 12 + 9*a + 16*a**2 - 17*a**2. Let i be b(8). What is the greatest common divisor of i and 42?
14
Let f = 46 + -41. Let m = 9 + -5. Let n(x) = -x**2 + 4*x + 5. Let k be n(m). Calculate the highest common factor of f and k.
5
Let k(j) = 28*j**2 - 3*j - 4. Let b be k(-1). Let s = b + 51. What is the greatest common factor of s and 26?
26
Suppose 2*p + 61 = 3*p. What is the greatest common factor of 427 and p?
61
Let m(q) = 2*q**2 - 3*q + 17. Let s be m(0). What is the highest common divisor of 272 and s?
17
Suppose -221 = -2*d - 23. Let m = d - 29. Suppose -2*p + 3*q + 40 = -p, q = -3*p + m. What is the highest common divisor of p and 175?
25
Suppose 0*y - y = -2. Suppose -4*g = -2*o - 4, y*g - 9 = -3*o + 3*g. Let w(r) = r**2 - 3*r + 2. Let j be w(o). Calculate the highest common factor of 4 and j.
2
Let r(s) = -5*s + 2. Let i be r(-8). Calculate the greatest common factor of i and 126.
42
Let x be (1 - 9)*(-7)/14. Suppose -3*i = 4*z + 15, -2 = -2*i + x. Let a be (-15)/z*(-12)/(-3). What is the highest common factor of 90 and a?
10
Let n = -133 + 137. Calculate the greatest common factor of n and 16.
4
Let s(d) = d**3 + 21*d**2 - 2*d + 14. Let p be s(-21). Calculate the greatest common factor of 616 and p.
56
Let d = -244 + 250. What is the greatest common divisor of d and 54?
6
Let j be 35 + 2*2/4. Suppose 19*q = 22*q + 7*q - 270. Calculate the highest common factor of q and j.
9
Let r be (-34 - 12/(-3))/(3/(-5)). Calculate the highest common divisor of r and 550.
50
Suppose -4*y + 6 = -y. Let t be 60/(-9)*(-6)/y. Let d = 13294 - 13286. Calculate the greatest common factor of t and d.
4
Let v(n) = 3*n + 130. Let t be v(35). Calculate the greatest common factor of 5 and t.
5
Suppose -22 = 2*x + 50. Let r = 72 + x. What is the highest common factor of r and 24?
12
Suppose 2*q + 5 - 79 = 0. Let l = q + -16. Calculate the highest common divisor of l and 3.
3
Suppose -i - 4*d = -130, 2*i - 256 = -0*i - 4*d. What is the highest common factor of 210 and i?
42
Let v be (8/24)/((-1)/(-3)). Let h be (v/2)/((-2)/4). Let w = 5 - h. What is the highest common divisor of w and 6?
6
Let n(t) = -t**2 - 11*t - 11. Let w be n(-9). Suppose 0*s - 2*s = -8. Let a = w - s. What is the highest common divisor of a and 3?
3
Let o(x) = -190*x - 446. Let i be o(-14). Calculate the highest common factor of i and 54.
54
Let b = -490 - -835. What is the greatest common factor of b and 15?
15
Suppose -3*f + 33 + 58 = -4*y, 0 = 4*f - y - 130. What is the greatest common divisor of 297 and f?
33
Suppose -5*r + 9*r = 8. Suppose r*v = s - 52, -3*s + 148 = -0*v + 2*v. Let n = 70 - s. What is the greatest common divisor of n and 10?
10
Let b(x) = -x**2 + 14*x + 20. Let f be b(15). Suppose f*d - 31 = 5*q + 34, -14 = -d + 2*q. Calculate the greatest common divisor of 8 and d.
4
Let q(v) = 11*v - 5. Let p be q(4). Let o be 10*-1*4/(-4). Let l be 134/o - 18/45. Calculate the highest common divisor of l and p.
13
Let i(g) = -g**2 - 3*g + 24. Let b be i(0). What is the highest common factor of 56 and b?
8
Suppose 284 = 18*j - 202. Let z(g) = g**2 - g - 3. Let l be z(3). Calculate the highest common factor of l and j.
3
Suppose -32 = -5*s - 2. Let b be 1/((4*(-4)/(-64))/1). Suppose h + 5*y = 7*y, -5*h + b*y = -6. What is the highest common divisor of h and s?
2
Suppose -3*b + 73 = 2*p - 152, 0 = p + 4*b - 125. What is the highest common factor of 231 and p?
21
Let k be (-35)/(-12 + 5) - -11. Calculate the greatest common factor of k and 176.
16
Let c(j) be the third derivative of -7/24*j**4 + 0 + 5*j**2 - 1/60*j**5 + 4/3*j**3 + 0*j. Let m be c(-6). Calculate the highest common factor of m and 21.
7
Let w(j) = j**2 + 4*j + 129. Let d be w(0). What is the highest common factor of 559 and d?
43
Suppose 0 = -7*b + 636 - 132. Suppose -8*o + 11*o = b. Let n(s) = s**3 - 4*s**2 + 3*s + 3. Let f be n(3). Calculate the highest common factor of o and f.
3
Suppose 4*d = -16*d + 460. Calculate the highest common factor of 92 and d.
23
Let q(s) = s**2 - 19*s + 29. Let i be q(19). What is the highest common factor of 29 and i?
29
Suppose 3*p - 26*v + 21*v = 136, 5*v = 5*p - 220. Calculate the greatest common factor of 3444 and p.
42
Suppose -13*p + 312 = -16*p. Let n = -86 - p. Calculate the highest common divisor of n and 90.
18
Let r(g) = g**2 - 4*g - 3. Let p be r(6). Let h be ((-114)/p)/(4/6). Let i = h + 131. What is the greatest common divisor of i and 14?
14
Suppose 2*n = 0, 0 = -3*k - n - 3*n + 21. What is the greatest common divisor of k and 805?
7
Let r(x) = 4*x**2 - x - 12. Let f be r(-3). Let v be ((-2)/4)/((-4)/56). Suppose v = -3*h + 250. Calculate the highest common divisor of h and f.
27
Suppose -7 = -3*f - 4. Let q be (-2 + 3 - 3)*-1. Suppose -3*g + 3 = -2*g + 4*m, -g + 9 = -q*m. What is the greatest common factor of f and g?
1
Let r = 16 - 14. Let v(a) = -8*a**2 - 7*a + 14*a**2 - r*a**2. Let c be v(5). What is the highest common divisor of c and 26?
13
Suppose 3*z = 4*o + 3570, -3*z - 18*o + 15*o + 3570 = 0. What is the greatest common factor of z and 14?
14
Let d(w) = w**3 + 7*w**2 + 5*w + 8. Let f be d(-5). What is the highest common divisor of 209 and f?
11
Suppose 9*j = 5*j + 608. Suppose 0 = -u - 3*u + j. Calculate the highest common factor of u and 95.
19
Let d = 274 + -208. What is the highest common divisor of d and 22?
22
Let c = 17 - 12. Suppose -3*v - 2*b + 20 + 13 = 0, c*b - 6 = v. Suppose -3*o + 2*m - 3 = 0, 2*m + v = 5*m. Calculate the greatest common divisor of 8 and o.
1
Let h be -1*1 + 35 + 1. Suppose t = -1 + h. Suppose -17 = -5*g - 2, a - 23 = -2*g. What is the greatest common factor of t and a?
17
Suppose 33*q + 2750 = 38*q. Calculate the greatest common factor of 50 and q.
50
Let f be 2/13 - (-31808)/104. What is the highest common factor of 18 and f?
18
Let c be -2 + 4 - (-58 - 0). Suppose -3*z = o + 18 - 48, -124 = -5*o - 2*z. What is the highest common divisor of o and c?
12
Suppose 4*q + 16 = -8. Let a(h) = -15*h - 15. Let n be a(q). Let p = 68 - 38. Calculate the highest common divisor of n and p.
15
Let t = -217 - -251. What is the highest common factor of 51 and t?
17
Let o = -1140 + 1415. Let j be 26 - (0 + -3)/(-3). Calculate the highest common divisor of j and o.
25
Suppose 0 = -5*r + 2*r + 2*h + 44, -r + 2*h + 12 = 0. Suppose 0*v = v - r. Calculate the highest common factor of v and 4.
4
Let w be 1/(-2) + (-34)/(-4). Let x(i) = 5*i - 7. Let q be x(2). Let u be 4 + (-1 - q) - -4. What is the greatest common divisor of u and w?
4
Suppose 5 = f - 0. Suppose -10*v - 1305 = -39*v. What is the highest common factor of f and v?
5
Let h = 72 - 46. Let c = h - 11. Calc